{"id":85,"date":"2017-09-04T17:54:02","date_gmt":"2017-09-04T20:54:02","guid":{"rendered":"http:\/\/sistemafaepa.com.br\/senar\/?page_id=85"},"modified":"2024-01-15T15:52:50","modified_gmt":"2024-01-15T18:52:50","slug":"transparencia","status":"publish","type":"page","link":"https:\/\/sistemafaepa.com.br\/senar\/transparencia\/","title":{"rendered":"Transpar\u00eancia e Presta\u00e7\u00e3o de Contas"},"content":{"rendered":"<p>[et_pb_section fb_built=&#8221;1&#8243; inner_shadow=&#8221;on&#8221; fullwidth=&#8221;on&#8221; _builder_version=&#8221;4.16&#8243; background_color=&#8221;#1f6462&#8243; background_image=&#8221;https:\/\/sistemafaepa.com.br\/senar\/wp-content\/uploads\/sites\/2\/2017\/09\/BG-SENAR.jpg&#8221; custom_padding=&#8221;0px|0px|0px|0px&#8221; global_colors_info=&#8221;{}&#8221;][et_pb_fullwidth_header title=&#8221;TRANSPAR\u00caNCIA E PRESTA\u00c7\u00c3O DE CONTAS&#8221; admin_label=&#8221;Fullwidth Header&#8221; _builder_version=&#8221;4.16&#8243; title_font=&#8221;|on|||&#8221; background_color=&#8221;rgba(255, 255, 255, 0)&#8221; global_colors_info=&#8221;{}&#8221; button_one_text_size__hover_enabled=&#8221;off&#8221; button_two_text_size__hover_enabled=&#8221;off&#8221; button_one_text_color__hover_enabled=&#8221;off&#8221; button_two_text_color__hover_enabled=&#8221;off&#8221; button_one_border_width__hover_enabled=&#8221;off&#8221; button_two_border_width__hover_enabled=&#8221;off&#8221; button_one_border_color__hover_enabled=&#8221;off&#8221; button_two_border_color__hover_enabled=&#8221;off&#8221; button_one_border_radius__hover_enabled=&#8221;off&#8221; button_two_border_radius__hover_enabled=&#8221;off&#8221; button_one_letter_spacing__hover_enabled=&#8221;off&#8221; button_two_letter_spacing__hover_enabled=&#8221;off&#8221; button_one_bg_color__hover_enabled=&#8221;off&#8221; button_two_bg_color__hover_enabled=&#8221;off&#8221;]&nbsp;[\/et_pb_fullwidth_header][\/et_pb_section][et_pb_section fb_built=&#8221;1&#8243; _builder_version=&#8221;4.16&#8243; width=&#8221;100%&#8221; custom_padding=&#8221;54px|0px|52px|0|false|false&#8221; top_divider_style_tablet=&#8221;&#8221; top_divider_style_phone=&#8221;&#8221; top_divider_style_last_edited=&#8221;on|phone&#8221; global_colors_info=&#8221;{}&#8221;][et_pb_row _builder_version=&#8221;4.16&#8243; width=&#8221;100%&#8221; module_alignment=&#8221;center&#8221; custom_margin=&#8221;|-178px||-1px||&#8221; custom_padding=&#8221;|0px||||&#8221; global_colors_info=&#8221;{}&#8221;][et_pb_column type=&#8221;4_4&#8243; _builder_version=&#8221;4.16&#8243; custom_padding=&#8221;|||&#8221; global_colors_info=&#8221;{}&#8221; custom_padding__hover=&#8221;|||&#8221;][et_pb_text _builder_version=&#8221;4.16&#8243; width=&#8221;100%&#8221; custom_margin=&#8221;|2px||||&#8221; custom_padding=&#8221;|9px|0px|14px||&#8221; global_colors_info=&#8221;{}&#8221;]<\/p>\n<div class=\"rtejustify\" style=\"text-align: justify\"><span style=\"font-size: 16px\">Criado pela Lei n\u00ba 8.315, de 23\/12\/91, o <strong>SENAR<\/strong> \u00e9 uma entidade de direito privado, vinculada \u00e0 Confedera\u00e7\u00e3o da Agricultura e Pecu\u00e1ria do Brasil &#8211; CNA e administrada por um Conselho Deliberativo tripartite, composto por representantes do governo federal e das classes trabalhadoras e patronal rural.<\/span><\/div>\n<div class=\"rtejustify\" style=\"text-align: justify\"><\/div>\n<div class=\"rtejustify\" style=\"text-align: justify\"><span style=\"font-size: 16px\">O <strong>SENAR <\/strong>atende, gratuitamente, mais de 3 milh\u00f5es de brasileiros do meio rural, todos os anos, contribuindo para sua profissionaliza\u00e7\u00e3o, sua integra\u00e7\u00e3o na sociedade, melhoria da sua qualidade de vida e para o pleno exerc\u00edcio da cidadania.<\/span><\/div>\n<div class=\"rtejustify\" style=\"text-align: justify\"><\/div>\n<div class=\"rtejustify\" style=\"text-align: justify\"><span style=\"font-size: 16px\">O car\u00e1ter privado, entretanto, n\u00e3o afasta a import\u00e2ncia de garantir a transpar\u00eancia das a\u00e7\u00f5es desenvolvidas com os recursos recebidos pelo <strong>SENAR<\/strong> no cumprimento de sua miss\u00e3o final\u00edstica.<\/span><\/div>\n<div class=\"rtejustify\" style=\"text-align: justify\"><\/div>\n<div class=\"rtejustify\" style=\"text-align: justify\"><span style=\"font-size: 16px\">Nesse sentido, o<strong> SENAR <\/strong>tem estabelecido um modelo de gest\u00e3o comprometida com a transpar\u00eancia, a legalidade e a responsabilidade social, atenta \u00e0 import\u00e2ncia de levar ao conhecimento da sociedade, de forma clara e exata, suas a\u00e7\u00f5es e seus resultados.<\/span><\/div>\n<div class=\"rtejustify\" style=\"text-align: justify\"><\/div>\n<div class=\"rtejustify\" style=\"text-align: justify\"><span style=\"font-size: 16px\">Com esse prop\u00f3sito, esta p\u00e1gina divulga as receitas e despesas realizadas pelo <strong>SENAR<\/strong>, dados relevantes da sua execu\u00e7\u00e3o or\u00e7ament\u00e1ria, licita\u00e7\u00f5es, contrata\u00e7\u00f5es e gest\u00e3o de pessoas<\/span><\/div>\n<p>[\/et_pb_text][et_pb_text _builder_version=&#8221;4.16&#8243; width=&#8221;100%&#8221; custom_margin=&#8221;|-13px||||&#8221; custom_padding=&#8221;|10px||14px||&#8221; global_colors_info=&#8221;{}&#8221;]<\/p>\n<p class=\"rtejustify\" style=\"text-align: justify\"><span style=\"text-decoration: underline\"><strong>Lei das Diretrizes Or\u00e7ament\u00e1rias<\/strong><\/span><\/p>\n<p class=\"rtejustify\" style=\"text-align: justify\">A Lei n\u00ba 13.408, de 26\/12\/2016 estabeleceu as diretrizes or\u00e7ament\u00e1rias para o exerc\u00edcio de 2017.<\/p>\n<p class=\"rtejustify\" style=\"text-align: justify\">Em cumprimento ao disposto no instrumento legal e atendendo recomenda\u00e7\u00f5es do Tribunal de Contas da Uni\u00e3o, o SENAR adequou para o ano de 2017 a forma de apresenta\u00e7\u00e3o do or\u00e7amento, sua estrutura remunerat\u00f3ria e as rela\u00e7\u00f5es dos nomes de seus dirigentes e membros do corpo t\u00e9cnico:<\/p>\n<p class=\"rtejustify\"><a href=\"http:\/\/app.senar.org.br\/transparencia\/Portaria_1468.pdf\" target=\"_blank\" rel=\"noopener noreferrer\"><strong>Portaria n\u00ba 1468, de 30 dezembro de 2016 &#8211; Aprova\u00e7\u00e3o do or\u00e7amento<\/strong><\/a><\/p>\n<p>[\/et_pb_text][et_pb_button button_url=&#8221;https:\/\/app3.cna.org.br\/transparencia\/#PA-2024-0&#8243; url_new_window=&#8221;on&#8221; button_text=&#8221;EXERC\u00cdCIO 2024&#8243; _builder_version=&#8221;4.21.0&#8243; hover_enabled=&#8221;0&#8243; box_shadow_style=&#8221;preset3&#8243; global_colors_info=&#8221;{}&#8221; sticky_enabled=&#8221;0&#8243;][\/et_pb_button][et_pb_button button_url=&#8221;https:\/\/app3.cna.org.br\/transparencia\/#PA-2023-1153&#8243; url_new_window=&#8221;on&#8221; button_text=&#8221;Exerc\u00edcio 2023&#8243; _builder_version=&#8221;4.21.0&#8243; hover_enabled=&#8221;0&#8243; box_shadow_style=&#8221;preset3&#8243; global_colors_info=&#8221;{}&#8221; sticky_enabled=&#8221;0&#8243;][\/et_pb_button][et_pb_button button_url=&#8221;https:\/\/app3.cna.org.br\/transparencia\/#PA-2022-0&#8243; url_new_window=&#8221;on&#8221; button_text=&#8221;Exerc\u00edcio 2022&#8243; _builder_version=&#8221;4.21.0&#8243; hover_enabled=&#8221;0&#8243; box_shadow_style=&#8221;preset3&#8243; global_colors_info=&#8221;{}&#8221; sticky_enabled=&#8221;0&#8243;][\/et_pb_button][et_pb_button button_url=&#8221;http:\/\/app3.cna.org.br\/transparencia\/#PA-2021&#8243; url_new_window=&#8221;on&#8221; button_text=&#8221;Exerc\u00edcio 2021&#8243; _builder_version=&#8221;4.16&#8243; box_shadow_style=&#8221;preset3&#8243; global_colors_info=&#8221;{}&#8221;][\/et_pb_button][et_pb_button button_url=&#8221;http:\/\/app3.cna.org.br\/transparencia\/#PA-2020&#8243; url_new_window=&#8221;on&#8221; button_text=&#8221;Exerc\u00edcio 2020&#8243; _builder_version=&#8221;4.16&#8243; box_shadow_style=&#8221;preset3&#8243; global_colors_info=&#8221;{}&#8221;][\/et_pb_button][et_pb_button button_url=&#8221;http:\/\/app3.cna.org.br\/transparencia\/#PA-2019&#8243; url_new_window=&#8221;on&#8221; button_text=&#8221;Exerc\u00edcio 2019&#8243; _builder_version=&#8221;4.16&#8243; box_shadow_style=&#8221;preset3&#8243; global_colors_info=&#8221;{}&#8221;][\/et_pb_button][et_pb_button button_url=&#8221;https:\/\/sistemafaepa.com.br\/senar\/prestacao-de-contas-exercicios-anteriores\/&#8221; url_new_window=&#8221;on&#8221; button_text=&#8221;Exerc\u00edcios Anteriores&#8221; _builder_version=&#8221;4.16&#8243; box_shadow_style=&#8221;preset3&#8243; global_colors_info=&#8221;{}&#8221;][\/et_pb_button][\/et_pb_column][\/et_pb_row][\/et_pb_section][et_pb_section fb_built=&#8221;1&#8243; _builder_version=&#8221;3.0.71&#8243; background_color=&#8221;#1f6462&#8243; custom_padding=&#8221;0px|0px|0px|0px&#8221; global_module=&#8221;265&#8243; global_colors_info=&#8221;{}&#8221;][et_pb_row column_structure=&#8221;1_3,1_3,1_3&#8243; _builder_version=&#8221;4.16&#8243; background_size=&#8221;initial&#8221; background_position=&#8221;top_left&#8221; background_repeat=&#8221;repeat&#8221; custom_padding=&#8221;50px|0px|52px|0px&#8221; global_colors_info=&#8221;{}&#8221;][et_pb_column type=&#8221;1_3&#8243; _builder_version=&#8221;4.16&#8243; custom_padding=&#8221;|||&#8221; global_colors_info=&#8221;{}&#8221; custom_padding__hover=&#8221;|||&#8221;][et_pb_signup provider=&#8221;constant_contact&#8221; constant_contact_list=&#8221;add_new_account&#8221; first_name_field=&#8221;off&#8221; last_name_field=&#8221;off&#8221; title=&#8221;Receba as novidade sobre o Sistema FAEPA&#8221; button_text=&#8221;receber novidades&#8221; description=&#8221;<\/p>\n<p>Cadastre seu e-mail abaixo<\/p>\n<p>&#8221; _builder_version=&#8221;4.16&#8243; header_font_size=&#8221;20px&#8221; use_background_color=&#8221;off&#8221; custom_button=&#8221;on&#8221; button_text_size=&#8221;17px&#8221; button_border_radius=&#8221;60px&#8221; text_orientation=&#8221;center&#8221; global_colors_info=&#8221;{}&#8221; button_text_size__hover_enabled=&#8221;off&#8221; button_one_text_size__hover_enabled=&#8221;off&#8221; button_two_text_size__hover_enabled=&#8221;off&#8221; button_text_color__hover_enabled=&#8221;off&#8221; button_one_text_color__hover_enabled=&#8221;off&#8221; button_two_text_color__hover_enabled=&#8221;off&#8221; button_border_width__hover_enabled=&#8221;off&#8221; button_one_border_width__hover_enabled=&#8221;off&#8221; button_two_border_width__hover_enabled=&#8221;off&#8221; button_border_color__hover_enabled=&#8221;off&#8221; button_one_border_color__hover_enabled=&#8221;off&#8221; button_two_border_color__hover_enabled=&#8221;off&#8221; button_border_radius__hover_enabled=&#8221;off&#8221; button_one_border_radius__hover_enabled=&#8221;off&#8221; button_two_border_radius__hover_enabled=&#8221;off&#8221; button_letter_spacing__hover_enabled=&#8221;off&#8221; button_one_letter_spacing__hover_enabled=&#8221;off&#8221; button_two_letter_spacing__hover_enabled=&#8221;off&#8221; button_bg_color__hover_enabled=&#8221;off&#8221; button_one_bg_color__hover_enabled=&#8221;off&#8221; button_two_bg_color__hover_enabled=&#8221;off&#8221;]<\/p>\n<p>Cadastre seu e-mail abaixo<\/p>\n<p>[\/et_pb_signup][\/et_pb_column][et_pb_column type=&#8221;1_3&#8243; _builder_version=&#8221;4.16&#8243; custom_padding=&#8221;|||&#8221; global_colors_info=&#8221;{}&#8221; custom_padding__hover=&#8221;|||&#8221;][et_pb_text _builder_version=&#8221;4.16&#8243; text_line_height=&#8221;1em&#8221; background_layout=&#8221;dark&#8221; global_colors_info=&#8221;{}&#8221;]<\/p>\n<h2><strong>(91) 4008-5300<\/strong><\/h2>\n<p>\u00a0<\/p>\n<h5>Manh\u00e3: 9h \u00e0s 12h30<\/h5>\n<h5>Tarde: 14h \u00e0s 18h30<\/h5>\n<h5>\u00a0<\/h5>\n<h5>Trav. Dr. Moraes, n\u00b021 &#8211; Edificio Pal\u00e1cio da Agricultura, 8\u00b0 andar &#8211; Bel\u00e9m &#8211; PA &#8211; CEP:66035 &#8211; 080<\/h5>\n<p>[\/et_pb_text][et_pb_social_media_follow _builder_version=&#8221;4.16&#8243; background_layout=&#8221;dark&#8221; border_radii=&#8221;on|100%|100%|100%|100%&#8221; link_shape=&#8221;circle&#8221; global_colors_info=&#8221;{}&#8221;][et_pb_social_media_follow_network social_network=&#8221;facebook&#8221; url=&#8221;https:\/\/www.facebook.com\/SistemaFAEPA\/&#8221; _builder_version=&#8221;4.16&#8243; background_color=&#8221;#00c3aa&#8221; bg_color=&#8221;#00c3aa&#8221; global_colors_info=&#8221;{}&#8221; follow_button=&#8221;off&#8221; url_new_window=&#8221;on&#8221;]<\/p>\n<p>Facebook<\/p>\n<p>[\/et_pb_social_media_follow_network][et_pb_social_media_follow_network social_network=&#8221;twitter&#8221; url=&#8221;https:\/\/twitter.com\/sistemafaepa&#8221; _builder_version=&#8221;4.16&#8243; background_color=&#8221;#00c3aa&#8221; bg_color=&#8221;#00c3aa&#8221; global_colors_info=&#8221;{}&#8221; follow_button=&#8221;off&#8221; url_new_window=&#8221;on&#8221;]<\/p>\n<p>Twitter<\/p>\n<p>[\/et_pb_social_media_follow_network][et_pb_social_media_follow_network social_network=&#8221;instagram&#8221; url=&#8221;https:\/\/www.instagram.com\/sistemafaepa\/&#8221; _builder_version=&#8221;4.16&#8243; background_color=&#8221;#00c3aa&#8221; bg_color=&#8221;#00c3aa&#8221; global_colors_info=&#8221;{}&#8221; follow_button=&#8221;off&#8221; url_new_window=&#8221;on&#8221;]<\/p>\n<p>Instagram<\/p>\n<p>[\/et_pb_social_media_follow_network][\/et_pb_social_media_follow][\/et_pb_column][et_pb_column type=&#8221;1_3&#8243; _builder_version=&#8221;4.16&#8243; custom_padding=&#8221;|||&#8221; global_colors_info=&#8221;{}&#8221; custom_padding__hover=&#8221;|||&#8221;][et_pb_image src=&#8221;https:\/\/sistemafaepa.com.br\/senar\/wp-content\/uploads\/sites\/2\/2023\/07\/FAEPA-SENAR-SINDICATOS-branca.png&#8221; title_text=&#8221;FAEPA-SENAR-SINDICATOS-branca&#8221; url=&#8221;https:\/\/sistemafaepa.com.br\/&#8221; align=&#8221;center&#8221; align_tablet=&#8221;center&#8221; align_phone=&#8221;&#8221; align_last_edited=&#8221;on|desktop&#8221; _builder_version=&#8221;4.21.0&#8243; max_width=&#8221;220px&#8221; animation_style=&#8221;slide&#8221; animation_direction=&#8221;left&#8221; animation_duration=&#8221;500ms&#8221; animation_intensity_slide=&#8221;10%&#8221; global_colors_info=&#8221;{}&#8221;][\/et_pb_image][\/et_pb_column][\/et_pb_row][\/et_pb_section]<\/p>\n","protected":false},"excerpt":{"rendered":"<p>&nbsp;Criado pela Lei n\u00ba 8.315, de 23\/12\/91, o SENAR \u00e9 uma entidade de direito privado, vinculada \u00e0 Confedera\u00e7\u00e3o da Agricultura e Pecu\u00e1ria do Brasil &#8211; CNA e administrada por um Conselho Deliberativo tripartite, composto por representantes do governo federal e das classes trabalhadoras e patronal rural. O SENAR atende, gratuitamente, mais de 3 milh\u00f5es de [&hellip;]<\/p>\n","protected":false},"author":1,"featured_media":0,"parent":0,"menu_order":0,"comment_status":"closed","ping_status":"closed","template":"","meta":{"_et_pb_use_builder":"on","_et_pb_old_content":"","_et_gb_content_width":"","footnotes":""},"class_list":["post-85","page","type-page","status-publish","hentry"],"_links":{"self":[{"href":"https:\/\/sistemafaepa.com.br\/senar\/wp-json\/wp\/v2\/pages\/85","targetHints":{"allow":["GET"]}}],"collection":[{"href":"https:\/\/sistemafaepa.com.br\/senar\/wp-json\/wp\/v2\/pages"}],"about":[{"href":"https:\/\/sistemafaepa.com.br\/senar\/wp-json\/wp\/v2\/types\/page"}],"author":[{"embeddable":true,"href":"https:\/\/sistemafaepa.com.br\/senar\/wp-json\/wp\/v2\/users\/1"}],"replies":[{"embeddable":true,"href":"https:\/\/sistemafaepa.com.br\/senar\/wp-json\/wp\/v2\/comments?post=85"}],"version-history":[{"count":4,"href":"https:\/\/sistemafaepa.com.br\/senar\/wp-json\/wp\/v2\/pages\/85\/revisions"}],"predecessor-version":[{"id":5290,"href":"https:\/\/sistemafaepa.com.br\/senar\/wp-json\/wp\/v2\/pages\/85\/revisions\/5290"}],"wp:attachment":[{"href":"https:\/\/sistemafaepa.com.br\/senar\/wp-json\/wp\/v2\/media?parent=85"}],"curies":[{"name":"wp","href":"https:\/\/api.w.org\/{rel}","templated":true}]}}