{"id":81,"date":"2017-11-21T12:42:46","date_gmt":"2017-11-21T14:42:46","guid":{"rendered":"http:\/\/sistemafaepa.com.br\/fundepec\/?page_id=81"},"modified":"2017-11-21T12:42:46","modified_gmt":"2017-11-21T14:42:46","slug":"acoes-do-fundepec","status":"publish","type":"page","link":"https:\/\/sistemafaepa.com.br\/fundepec\/acoes-do-fundepec\/","title":{"rendered":"A\u00c7\u00d5ES DO FUNDEPEC"},"content":{"rendered":"<p>[et_pb_section fb_built=&#8221;1&#8243; _builder_version=&#8221;3.0.47&#8243; custom_padding=&#8221;50.5104px|0px|0px|0px&#8221;][\/et_pb_section][et_pb_section fb_built=&#8221;1&#8243; _builder_version=&#8221;3.0.47&#8243; custom_padding=&#8221;0px|0px|50.5104px|0px&#8221;][et_pb_row custom_padding=&#8221;0px|0px|25.25px|0px&#8221; _builder_version=&#8221;3.0.47&#8243; background_size=&#8221;initial&#8221; background_position=&#8221;top_left&#8221; background_repeat=&#8221;repeat&#8221;][et_pb_column type=&#8221;4_4&#8243; _builder_version=&#8221;3.0.47&#8243; parallax=&#8221;off&#8221; parallax_method=&#8221;on&#8221;][et_pb_toggle title=&#8221;1.\tERRADICA\u00c7\u00c3O DA FEBRE AFTOSA&#8221; _builder_version=&#8221;3.0.89&#8243;]<\/p>\n<div>1.1<span> <\/span>INQU\u00c9RITOS E LEVANTAMENTOS<\/div>\n<div>1.2<span> <\/span>AMAZ\u00d4NIA LIVRE (CERTIFICA\u00c7\u00c3O DA PECU\u00c1RIA)<\/div>\n<div>1.3<span> <\/span>AVAN\u00c7OS PROTOCOLO SANIT\u00c1RIO<\/div>\n<div>1.4<span> <\/span>PARCERIAS COM MUNIC\u00cdPIOS<\/div>\n<div>1.5<span> <\/span>CERTIFICA\u00c7\u00d5ES INTERNACIONAIS: OIE<\/div>\n<p>[\/et_pb_toggle][et_pb_toggle title=&#8221;2.\tDEFESA  SANIT\u00c1RIA ANIMAL&#8221; _builder_version=&#8221;3.0.89&#8243;]<\/p>\n<div>2.1<span> <\/span>PROGRAMA NACIONAL DE ERRADICA\u00c7\u00c3O DA FEBRE AFTOSA-PNEFA<\/div>\n<div>2.2<span> <\/span>INQU\u00c9RITOS EPIDEMIOL\u00d3GICOS TUBERCULOSE E BRUCELOSE<\/div>\n<div>2.3<span> <\/span>PROTOCOLOS SANIT\u00c1RIOS<\/div>\n<div>2.4<span> <\/span>SUSPENS\u00c3O GRADUAL DE CAMPANHAS DE VACINA\u00c7\u00c3O<\/div>\n<div>2.5<span> <\/span>INDENIZA\u00c7\u00c3O IMEDIATA A PRODUTORES RURAIS PELO ABATE DE ANIMAIS CONTAMINADOS POR BRUCELOSE E TUBERCULOSE<\/div>\n<div>2.6<span> <\/span>AQUISI\u00c7\u00c3O DE VACINAS : PEQUENOS PRODUTORES, QUILOMBOLAS E IND\u00cdGENAS<\/div>\n<div>2.7<span> <\/span>APOIO \u00c0S A\u00c7\u00d5ES DE FISCALIZA\u00c7\u00c3O DE TR\u00c2NSITO<\/div>\n<div>2.8<span> <\/span>AQUISI\u00c7\u00c3O DE EQUIPAMENTOS DE INFORM\u00c1TICA E MOBILI\u00c1RIO PARA POSTO DE FISCALIZA\u00c7\u00c3O<\/div>\n<p>[\/et_pb_toggle][et_pb_toggle title=&#8221; 3.\tAVAN\u00c7O TECNOL\u00d3GICO AN\u00c1LISE DE RISCO\/ DESBUROCRATIZA\u00c7\u00c3O&#8221; _builder_version=&#8221;3.0.89&#8243;]<\/p>\n<div>3.1<span> <\/span>SIAPEC 3<\/div>\n<div>3.2<span> <\/span>INFORMATIZA\u00c7\u00c3O DA GUIA DE TR\u00c2NSITO ANIMAL &#8211; GTA<\/div>\n<div>3.3<span> <\/span>IMPLANTA\u00c7\u00c3O DA NOTA FISCAL ELETR\u00d4NICA PRODUTOR RURAL<\/div>\n<p>[\/et_pb_toggle][et_pb_toggle title=&#8221;4.\tNUTRI\u00c7\u00c3O ANIMAL: TECNOLOGIA (EFEITO EL NI\u00d1O)&#8221; _builder_version=&#8221;3.0.89&#8243;]<\/p>\n<div>4.1<span> <\/span>AGRICULTURA DE PRECIS\u00c3O (AN\u00c1LISE DE SOLO)<\/div>\n<div>4.2<span> <\/span>DIVERSIFICA\u00c7\u00d5ES DE PASTAGENS E FORRAGEIRAS<\/div>\n<div>4.3<span> <\/span>TERMINA\u00c7\u00d5ES DE ANIMAIS: CONFINAMENTO<\/div>\n<div>4.4<span> <\/span>DESENVOLVIMENTO DE RA\u00c7\u00d5ES COM PRODUTOS REGIONAIS.<\/div>\n<p>[\/et_pb_toggle][et_pb_toggle title=&#8221;5.\tMELHORAMENTO GEN\u00c9TICO: PARCERIAS&#8221; _builder_version=&#8221;3.0.89&#8243;]<\/p>\n<div><span> <\/span>5.1<span> <\/span>ABCZ<\/div>\n<div><span> <\/span>5.2<span> <\/span>ADEPAR\u00c1<\/div>\n<div><span> <\/span>5.3<span> <\/span>MAPA<\/div>\n<div><span> <\/span>5.4<span> <\/span>EMBRAPA GADO DE CORTE<\/div>\n<div><span> <\/span>5.5<span> <\/span>ARPP &#8211; ASSOCIA\u00c7\u00c3O RURAL DA PECU\u00c1RIA DO PAR\u00c1<\/div>\n<div><span> <\/span>5.6<span> <\/span>APCB \u2013 ASSOCIA\u00c7\u00c3O PARAENSE DE CRIADORES DE B\u00daFALOS<\/div>\n<p>[\/et_pb_toggle][et_pb_toggle title=&#8221;6.\tPESQUISA E INOVA\u00c7\u00c3O&#8221; _builder_version=&#8221;3.0.89&#8243;]<\/p>\n<div><span> <\/span>6.1 <span> <\/span>INMETRO<\/div>\n<div style=\"padding-left: 30px\"><span> <\/span>6.1.1<span> <\/span>INFORMA\u00c7\u00d5ES CLIMA E TEMPO<\/div>\n<div style=\"padding-left: 30px\"><span> <\/span>6.1.2<span> <\/span>ESTA\u00c7\u00d5ES METEOROL\u00d3GICAS<\/div>\n<div style=\"padding-left: 30px\"><span> <\/span>6.1.3<span> <\/span>EVENTOS DA METEOROLOGIA<\/div>\n<div><span> <\/span>6.2 <span> <\/span>EMBRAPA<\/div>\n<div style=\"padding-left: 30px\"><span> <\/span>6.2.1 <span> <\/span>MAPA ZONEAMENTO AGROECOL\u00d3GICO E RISCO CLIM\u00c1TICO<\/div>\n<div style=\"padding-left: 30px\"><span> <\/span>6.2.2 <span> <\/span>SISTEMA DE PRODU\u00c7\u00c3O INTEGRA\u00c7\u00c3O LAVOURA \/ PECU\u00c1RIA<\/div>\n<div style=\"padding-left: 30px\"><span> <\/span>\/ FLORESTA<\/div>\n<div style=\"padding-left: 30px\"><span> <\/span>6.2.3 <span> <\/span>BALDE CHEIO<\/div>\n<div><span> <\/span>6.3 <span> <\/span>PROJETO PRADAM \u2013 CNA\/FAO\/MAPA\/FAEPA<\/div>\n<div><span> <\/span>6.4 <span> <\/span>PROJETO BIOMAS \u2013 CNA\/EMBRAPA<span> <\/span><\/div>\n<div><span> <\/span>6.5 <span> <\/span>PROJETO PAR\u00c1 SUSTENT\u00c1VEL \u2013 CNA\/BID\/MAPA\/FAEPA<\/div>\n<div><span> <\/span>6.6<span> <\/span>PROJETO PECU\u00c1RIA MODERNA<\/div>\n<div><span> <\/span>6.7<span> <\/span>CARNE DE QUALIDAE BRANGUS DO PAR\u00c1<\/div>\n<div><span> <\/span>6.8 <span> <\/span>PROJETO CARNE BONIFICADA \u2013 MAPA\/CNA\/FUNDEPEC<\/div>\n<p>[\/et_pb_toggle][et_pb_toggle title=&#8221;7\tLANAGRO: LABORAT\u00d3RIOS&#8221; _builder_version=&#8221;3.0.89&#8243;]<\/p>\n<div><span> <\/span>7.1<span> <\/span>AQUISI\u00c7\u00c3O DE INSUMOS E ANT\u00cdGENOS<\/div>\n<div><span> <\/span>7.2 <span> <\/span>LABORAT\u00d3RIO DE LEITE<\/div>\n<p>[\/et_pb_toggle][et_pb_toggle title=&#8221; 8\tPROJETO CIRCUITOS DE FEIRAS AGROPECU\u00c1RIAS&#8221; _builder_version=&#8221;3.0.89&#8243;]<\/p>\n<div><span> <\/span>8.1<span> <\/span>PARQUE DE EXPOSI\u00c7\u00d5ES<\/div>\n<div><span> <\/span>8.2<span> <\/span>CIRCUITOS: PROFISSIONALIZA\u00c7\u00c3O<\/div>\n<p>[\/et_pb_toggle][et_pb_toggle title=&#8221; 9.\tEXPOSI\u00c7\u00d5ES AGROPECU\u00c1RIAS: AVAN\u00c7OS TECNOL\u00d3GICOS NA PRODU\u00c7\u00c3O&#8221; _builder_version=&#8221;3.0.89&#8243;]<\/p>\n<div><span> <\/span>9.1<span> <\/span>N\u00daCLEOS REGIONAIS<\/div>\n<div><span> <\/span>9.2<span> <\/span>VAQUEJADAS<\/div>\n<div><span> <\/span>9.3<span> <\/span>CAVALGADAS<\/div>\n<div><span> <\/span>9.4<span> <\/span>LEIL\u00d5ES RURAIS<\/div>\n<p>[\/et_pb_toggle][et_pb_toggle title=&#8221;10.\tDIFUS\u00c3O DE CONHECIMENTOS&#8221; _builder_version=&#8221;3.0.89&#8243;]<\/p>\n<div><span> <\/span>10.1<span> <\/span>ASSIST\u00caNCIA T\u00c9CNICA E GERENCIAL \u2013 ATEG<\/div>\n<div style=\"padding-left: 30px\"><span> <\/span>10.1.1 <span> <\/span>PROJETO PILOTO PARAGOMINAS<\/div>\n<div style=\"padding-left: 30px\"><span> <\/span>10.1.2<span> <\/span>PROJETO PILOTO ULIAN\u00d3POLIS<\/div>\n<div><\/div>\n<div><span> <\/span>10.2<span> <\/span>CAPACITA\u00c7\u00d5ES SENAR<\/div>\n<div><span> <\/span>10.3<span> <\/span>POLOS REDE ETEC: SANTA IZABEL, CAPANEMA, PARAGOMINAS,\u00a0<\/div>\n<div><span> <\/span>ULIAN\u00d3POLIS E XINGUARA<\/div>\n<div><span> <\/span>10.4<span> <\/span>FACULDADE CNA \u2013 SANTA IZABEL DO PAR\u00c1<\/div>\n<p>[\/et_pb_toggle][et_pb_toggle title=&#8221; 11\tEVENTOS (SEMIN\u00c1RIOS, CONGRESSOS, INTERC\u00c2MBIO, DIAS DE CAMPO, ETC)&#8221; _builder_version=&#8221;3.0.89&#8243;]<\/p>\n<div><\/div>\n<div>\n<div><\/div>\n<div><span> <\/span>11.1<span> <\/span>UFRA<\/div>\n<div><span> <\/span>11.2<span> <\/span>UFPA<\/div>\n<div><span> <\/span>11.3<span> <\/span>UNAMA<\/div>\n<div><span> <\/span>11.4<span> <\/span>CRMV: SEMIN\u00c1RIOS E CONGRESSO<\/div>\n<div><span> <\/span>11.5<span> <\/span>SINDICORTE<\/div>\n<div><span> <\/span>11.6<span> <\/span>SINDICATO DOS LEILOEIROS RURAIS<\/div>\n<div><span> <\/span>11.7<span> <\/span>ASSOCIA\u00c7\u00c3O PARAENSE DE AVICULTURA<\/div>\n<div><span> <\/span>11.8<span> <\/span>ASSOCIA\u00c7\u00c3O PARAENSE DE VAQUEJADA<\/div>\n<div><span> <\/span>11.9<span> <\/span>FENABEL \u2013 FEIRA DE NEG\u00d3CIOS AGROPECU\u00c1RIOS DE BEL\u00c9M<\/div>\n<\/div>\n<p>[\/et_pb_toggle][et_pb_toggle title=&#8221;12\tPUBLICA\u00c7\u00d5ES&#8221; _builder_version=&#8221;3.0.89&#8243;]<\/p>\n<div><\/div>\n<div>\n<div><\/div>\n<div><span> <\/span>11.1<span> <\/span>UFRA<\/div>\n<div><span> <\/span>12.1<span> <\/span>REVISTAS<\/div>\n<div><span> <\/span>12.2<span> <\/span>ARTIGOS<\/div>\n<div><span> <\/span>12.3<span> <\/span>LIVROS<\/div>\n<\/div>\n<p>[\/et_pb_toggle][et_pb_toggle title=&#8221;13\tOUTRAS A\u00c7\u00d5ES&#8221; _builder_version=&#8221;3.0.89&#8243;]<\/p>\n<div><\/div>\n<div>\n<div><\/div>\n<div><span> <\/span>13.1<span> <\/span>ABIGIATO<\/div>\n<div><span> <\/span>13.2<span> <\/span>OBSERVAT\u00d3RIO DA CRIMINALIDADE NO CAMPO<\/div>\n<div><span> <\/span>13.3<span> <\/span>AN\u00c1LISE PRELIMINAR DOS CADASTROS AMBIENTAIS RURAIS DO\u00a0<span><\/span>PAR\u00c1 (EMBRAPA MONITORAMENTO POR SAT\u00c9LITE)<\/div>\n<\/div>\n<p>[\/et_pb_toggle][\/et_pb_column][\/et_pb_row][\/et_pb_section]<\/p>\n","protected":false},"excerpt":{"rendered":"<p>1.1 INQU\u00c9RITOS E LEVANTAMENTOS 1.2 AMAZ\u00d4NIA LIVRE (CERTIFICA\u00c7\u00c3O DA PECU\u00c1RIA) 1.3 AVAN\u00c7OS PROTOCOLO SANIT\u00c1RIO 1.4 PARCERIAS COM MUNIC\u00cdPIOS 1.5 CERTIFICA\u00c7\u00d5ES INTERNACIONAIS: OIE2.1 PROGRAMA NACIONAL DE ERRADICA\u00c7\u00c3O DA FEBRE AFTOSA-PNEFA 2.2 INQU\u00c9RITOS EPIDEMIOL\u00d3GICOS TUBERCULOSE E BRUCELOSE 2.3 PROTOCOLOS SANIT\u00c1RIOS 2.4 SUSPENS\u00c3O GRADUAL DE CAMPANHAS DE VACINA\u00c7\u00c3O 2.5 INDENIZA\u00c7\u00c3O IMEDIATA A PRODUTORES RURAIS PELO ABATE DE ANIMAIS [&hellip;]<\/p>\n","protected":false},"author":1,"featured_media":0,"parent":0,"menu_order":0,"comment_status":"closed","ping_status":"closed","template":"","meta":{"_et_pb_use_builder":"on","_et_pb_old_content":"","_et_gb_content_width":"","footnotes":""},"class_list":["post-81","page","type-page","status-publish","hentry"],"_links":{"self":[{"href":"https:\/\/sistemafaepa.com.br\/fundepec\/wp-json\/wp\/v2\/pages\/81","targetHints":{"allow":["GET"]}}],"collection":[{"href":"https:\/\/sistemafaepa.com.br\/fundepec\/wp-json\/wp\/v2\/pages"}],"about":[{"href":"https:\/\/sistemafaepa.com.br\/fundepec\/wp-json\/wp\/v2\/types\/page"}],"author":[{"embeddable":true,"href":"https:\/\/sistemafaepa.com.br\/fundepec\/wp-json\/wp\/v2\/users\/1"}],"replies":[{"embeddable":true,"href":"https:\/\/sistemafaepa.com.br\/fundepec\/wp-json\/wp\/v2\/comments?post=81"}],"version-history":[{"count":0,"href":"https:\/\/sistemafaepa.com.br\/fundepec\/wp-json\/wp\/v2\/pages\/81\/revisions"}],"wp:attachment":[{"href":"https:\/\/sistemafaepa.com.br\/fundepec\/wp-json\/wp\/v2\/media?parent=81"}],"curies":[{"name":"wp","href":"https:\/\/api.w.org\/{rel}","templated":true}]}}

AÇÕES DO FUNDEPEC

<p>[et_pb_section fb_built=&#8221;1&#8243; _builder_version=&#8221;3.0.47&#8243; custom_padding=&#8221;50.5104px|0px|0px|0px&#8221;][/et_pb_section][et_pb_section fb_built=&#8221;1&#8243; _builder_version=&#8221;3.0.47&#8243; custom_padding=&#8221;0px|0px|50.5104px|0px&#8221;][et_pb_row custom_padding=&#8221;0px|0px|25.25px|0px&#8221; _builder_version=&#8221;3.0.47&#8243; background_size=&#8221;initial&#8221; background_position=&#8221;top_left&#8221; background_repeat=&#8221;repeat&#8221;][et_pb_column type=&#8221;4_4&#8243; _builder_version=&#8221;3.0.47&#8243; parallax=&#8221;off&#8221; parallax_method=&#8221;on&#8221;][et_pb_toggle title=&#8221;1.	ERRADICAÇÃO DA FEBRE AFTOSA&#8221; _builder_version=&#8221;3.0.89&#8243;]</p>
<div>1.1<span> </span>INQUÉRITOS E LEVANTAMENTOS</div>
<div>1.2<span> </span>AMAZÔNIA LIVRE (CERTIFICAÇÃO DA PECUÁRIA)</div>
<div>1.3<span> </span>AVANÇOS PROTOCOLO SANITÁRIO</div>
<div>1.4<span> </span>PARCERIAS COM MUNICÍPIOS</div>
<div>1.5<span> </span>CERTIFICAÇÕES INTERNACIONAIS: OIE</div>
<p>[/et_pb_toggle][et_pb_toggle title=&#8221;2.	DEFESA  SANITÁRIA ANIMAL&#8221; _builder_version=&#8221;3.0.89&#8243;]</p>
<div>2.1<span> </span>PROGRAMA NACIONAL DE ERRADICAÇÃO DA FEBRE AFTOSA-PNEFA</div>
<div>2.2<span> </span>INQUÉRITOS EPIDEMIOLÓGICOS TUBERCULOSE E BRUCELOSE</div>
<div>2.3<span> </span>PROTOCOLOS SANITÁRIOS</div>
<div>2.4<span> </span>SUSPENSÃO GRADUAL DE CAMPANHAS DE VACINAÇÃO</div>
<div>2.5<span> </span>INDENIZAÇÃO IMEDIATA A PRODUTORES RURAIS PELO ABATE DE ANIMAIS CONTAMINADOS POR BRUCELOSE E TUBERCULOSE</div>
<div>2.6<span> </span>AQUISIÇÃO DE VACINAS : PEQUENOS PRODUTORES, QUILOMBOLAS E INDÍGENAS</div>
<div>2.7<span> </span>APOIO ÀS AÇÕES DE FISCALIZAÇÃO DE TRÂNSITO</div>
<div>2.8<span> </span>AQUISIÇÃO DE EQUIPAMENTOS DE INFORMÁTICA E MOBILIÁRIO PARA POSTO DE FISCALIZAÇÃO</div>
<p>[/et_pb_toggle][et_pb_toggle title=&#8221; 3.	AVANÇO TECNOLÓGICO ANÁLISE DE RISCO/ DESBUROCRATIZAÇÃO&#8221; _builder_version=&#8221;3.0.89&#8243;]</p>
<div>3.1<span> </span>SIAPEC 3</div>
<div>3.2<span> </span>INFORMATIZAÇÃO DA GUIA DE TRÂNSITO ANIMAL &#8211; GTA</div>
<div>3.3<span> </span>IMPLANTAÇÃO DA NOTA FISCAL ELETRÔNICA PRODUTOR RURAL</div>
<p>[/et_pb_toggle][et_pb_toggle title=&#8221;4.	NUTRIÇÃO ANIMAL: TECNOLOGIA (EFEITO EL NIÑO)&#8221; _builder_version=&#8221;3.0.89&#8243;]</p>
<div>4.1<span> </span>AGRICULTURA DE PRECISÃO (ANÁLISE DE SOLO)</div>
<div>4.2<span> </span>DIVERSIFICAÇÕES DE PASTAGENS E FORRAGEIRAS</div>
<div>4.3<span> </span>TERMINAÇÕES DE ANIMAIS: CONFINAMENTO</div>
<div>4.4<span> </span>DESENVOLVIMENTO DE RAÇÕES COM PRODUTOS REGIONAIS.</div>
<p>[/et_pb_toggle][et_pb_toggle title=&#8221;5.	MELHORAMENTO GENÉTICO: PARCERIAS&#8221; _builder_version=&#8221;3.0.89&#8243;]</p>
<div><span> </span>5.1<span> </span>ABCZ</div>
<div><span> </span>5.2<span> </span>ADEPARÁ</div>
<div><span> </span>5.3<span> </span>MAPA</div>
<div><span> </span>5.4<span> </span>EMBRAPA GADO DE CORTE</div>
<div><span> </span>5.5<span> </span>ARPP &#8211; ASSOCIAÇÃO RURAL DA PECUÁRIA DO PARÁ</div>
<div><span> </span>5.6<span> </span>APCB – ASSOCIAÇÃO PARAENSE DE CRIADORES DE BÚFALOS</div>
<p>[/et_pb_toggle][et_pb_toggle title=&#8221;6.	PESQUISA E INOVAÇÃO&#8221; _builder_version=&#8221;3.0.89&#8243;]</p>
<div><span> </span>6.1 <span> </span>INMETRO</div>
<div style="padding-left: 30px"><span> </span>6.1.1<span> </span>INFORMAÇÕES CLIMA E TEMPO</div>
<div style="padding-left: 30px"><span> </span>6.1.2<span> </span>ESTAÇÕES METEOROLÓGICAS</div>
<div style="padding-left: 30px"><span> </span>6.1.3<span> </span>EVENTOS DA METEOROLOGIA</div>
<div><span> </span>6.2 <span> </span>EMBRAPA</div>
<div style="padding-left: 30px"><span> </span>6.2.1 <span> </span>MAPA ZONEAMENTO AGROECOLÓGICO E RISCO CLIMÁTICO</div>
<div style="padding-left: 30px"><span> </span>6.2.2 <span> </span>SISTEMA DE PRODUÇÃO INTEGRAÇÃO LAVOURA / PECUÁRIA</div>
<div style="padding-left: 30px"><span> </span>/ FLORESTA</div>
<div style="padding-left: 30px"><span> </span>6.2.3 <span> </span>BALDE CHEIO</div>
<div><span> </span>6.3 <span> </span>PROJETO PRADAM – CNA/FAO/MAPA/FAEPA</div>
<div><span> </span>6.4 <span> </span>PROJETO BIOMAS – CNA/EMBRAPA<span> </span></div>
<div><span> </span>6.5 <span> </span>PROJETO PARÁ SUSTENTÁVEL – CNA/BID/MAPA/FAEPA</div>
<div><span> </span>6.6<span> </span>PROJETO PECUÁRIA MODERNA</div>
<div><span> </span>6.7<span> </span>CARNE DE QUALIDAE BRANGUS DO PARÁ</div>
<div><span> </span>6.8 <span> </span>PROJETO CARNE BONIFICADA – MAPA/CNA/FUNDEPEC</div>
<p>[/et_pb_toggle][et_pb_toggle title=&#8221;7	LANAGRO: LABORATÓRIOS&#8221; _builder_version=&#8221;3.0.89&#8243;]</p>
<div><span> </span>7.1<span> </span>AQUISIÇÃO DE INSUMOS E ANTÍGENOS</div>
<div><span> </span>7.2 <span> </span>LABORATÓRIO DE LEITE</div>
<p>[/et_pb_toggle][et_pb_toggle title=&#8221; 8	PROJETO CIRCUITOS DE FEIRAS AGROPECUÁRIAS&#8221; _builder_version=&#8221;3.0.89&#8243;]</p>
<div><span> </span>8.1<span> </span>PARQUE DE EXPOSIÇÕES</div>
<div><span> </span>8.2<span> </span>CIRCUITOS: PROFISSIONALIZAÇÃO</div>
<p>[/et_pb_toggle][et_pb_toggle title=&#8221; 9.	EXPOSIÇÕES AGROPECUÁRIAS: AVANÇOS TECNOLÓGICOS NA PRODUÇÃO&#8221; _builder_version=&#8221;3.0.89&#8243;]</p>
<div><span> </span>9.1<span> </span>NÚCLEOS REGIONAIS</div>
<div><span> </span>9.2<span> </span>VAQUEJADAS</div>
<div><span> </span>9.3<span> </span>CAVALGADAS</div>
<div><span> </span>9.4<span> </span>LEILÕES RURAIS</div>
<p>[/et_pb_toggle][et_pb_toggle title=&#8221;10.	DIFUSÃO DE CONHECIMENTOS&#8221; _builder_version=&#8221;3.0.89&#8243;]</p>
<div><span> </span>10.1<span> </span>ASSISTÊNCIA TÉCNICA E GERENCIAL – ATEG</div>
<div style="padding-left: 30px"><span> </span>10.1.1 <span> </span>PROJETO PILOTO PARAGOMINAS</div>
<div style="padding-left: 30px"><span> </span>10.1.2<span> </span>PROJETO PILOTO ULIANÓPOLIS</div>
<div></div>
<div><span> </span>10.2<span> </span>CAPACITAÇÕES SENAR</div>
<div><span> </span>10.3<span> </span>POLOS REDE ETEC: SANTA IZABEL, CAPANEMA, PARAGOMINAS, </div>
<div><span> </span>ULIANÓPOLIS E XINGUARA</div>
<div><span> </span>10.4<span> </span>FACULDADE CNA – SANTA IZABEL DO PARÁ</div>
<p>[/et_pb_toggle][et_pb_toggle title=&#8221; 11	EVENTOS (SEMINÁRIOS, CONGRESSOS, INTERCÂMBIO, DIAS DE CAMPO, ETC)&#8221; _builder_version=&#8221;3.0.89&#8243;]</p>
<div></div>
<div>
<div></div>
<div><span> </span>11.1<span> </span>UFRA</div>
<div><span> </span>11.2<span> </span>UFPA</div>
<div><span> </span>11.3<span> </span>UNAMA</div>
<div><span> </span>11.4<span> </span>CRMV: SEMINÁRIOS E CONGRESSO</div>
<div><span> </span>11.5<span> </span>SINDICORTE</div>
<div><span> </span>11.6<span> </span>SINDICATO DOS LEILOEIROS RURAIS</div>
<div><span> </span>11.7<span> </span>ASSOCIAÇÃO PARAENSE DE AVICULTURA</div>
<div><span> </span>11.8<span> </span>ASSOCIAÇÃO PARAENSE DE VAQUEJADA</div>
<div><span> </span>11.9<span> </span>FENABEL – FEIRA DE NEGÓCIOS AGROPECUÁRIOS DE BELÉM</div>
</div>
<p>[/et_pb_toggle][et_pb_toggle title=&#8221;12	PUBLICAÇÕES&#8221; _builder_version=&#8221;3.0.89&#8243;]</p>
<div></div>
<div>
<div></div>
<div><span> </span>11.1<span> </span>UFRA</div>
<div><span> </span>12.1<span> </span>REVISTAS</div>
<div><span> </span>12.2<span> </span>ARTIGOS</div>
<div><span> </span>12.3<span> </span>LIVROS</div>
</div>
<p>[/et_pb_toggle][et_pb_toggle title=&#8221;13	OUTRAS AÇÕES&#8221; _builder_version=&#8221;3.0.89&#8243;]</p>
<div></div>
<div>
<div></div>
<div><span> </span>13.1<span> </span>ABIGIATO</div>
<div><span> </span>13.2<span> </span>OBSERVATÓRIO DA CRIMINALIDADE NO CAMPO</div>
<div><span> </span>13.3<span> </span>ANÁLISE PRELIMINAR DOS CADASTROS AMBIENTAIS RURAIS DO <span></span>PARÁ (EMBRAPA MONITORAMENTO POR SATÉLITE)</div>
</div>
<p>[/et_pb_toggle][/et_pb_column][/et_pb_row][/et_pb_section]</p>

<p>1.1 INQUÉRITOS E LEVANTAMENTOS 1.2 AMAZÔNIA LIVRE (CERTIFICAÇÃO DA PECUÁRIA) 1.3 AVANÇOS PROTOCOLO SANITÁRIO 1.4 PARCERIAS COM MUNICÍPIOS 1.5 CERTIFICAÇÕES INTERNACIONAIS: OIE2.1 PROGRAMA NACIONAL DE ERRADICAÇÃO DA FEBRE AFTOSA-PNEFA 2.2 INQUÉRITOS EPIDEMIOLÓGICOS TUBERCULOSE E BRUCELOSE 2.3 PROTOCOLOS SANITÁRIOS 2.4 SUSPENSÃO GRADUAL DE CAMPANHAS DE VACINAÇÃO 2.5 INDENIZAÇÃO IMEDIATA A PRODUTORES RURAIS PELO ABATE DE ANIMAIS [&hellip;]</p>
