{"id":687,"date":"2017-10-11T11:55:44","date_gmt":"2017-10-11T14:55:44","guid":{"rendered":"http:\/\/sistemafaepa.com.br\/faepa\/?page_id=687"},"modified":"2023-07-02T19:48:20","modified_gmt":"2023-07-02T22:48:20","slug":"servico-ao-produtor","status":"publish","type":"page","link":"https:\/\/sistemafaepa.com.br\/faepa\/servico-ao-produtor\/","title":{"rendered":"Servi\u00e7o ao Produtor"},"content":{"rendered":"<p>[et_pb_section fb_built=&#8221;1&#8243; inner_shadow=&#8221;on&#8221; fullwidth=&#8221;on&#8221; _builder_version=&#8221;4.16&#8243; background_color=&#8221;#1f6462&#8243; background_image=&#8221;https:\/\/sistemafaepa.com.br\/faepa\/wp-content\/uploads\/sites\/5\/2017\/09\/BG-SENAR.jpg&#8221; global_colors_info=&#8221;{}&#8221;][et_pb_fullwidth_header title=&#8221;Servi\u00e7os ao produtor&#8221; admin_label=&#8221;Fullwidth Header&#8221; _builder_version=&#8221;4.16&#8243; title_font=&#8221;|on|||&#8221; background_color=&#8221;rgba(255, 255, 255, 0)&#8221; global_colors_info=&#8221;{}&#8221; button_one_text_size__hover_enabled=&#8221;off&#8221; button_two_text_size__hover_enabled=&#8221;off&#8221; button_one_text_color__hover_enabled=&#8221;off&#8221; button_two_text_color__hover_enabled=&#8221;off&#8221; button_one_border_width__hover_enabled=&#8221;off&#8221; button_two_border_width__hover_enabled=&#8221;off&#8221; button_one_border_color__hover_enabled=&#8221;off&#8221; button_two_border_color__hover_enabled=&#8221;off&#8221; button_one_border_radius__hover_enabled=&#8221;off&#8221; button_two_border_radius__hover_enabled=&#8221;off&#8221; button_one_letter_spacing__hover_enabled=&#8221;off&#8221; button_two_letter_spacing__hover_enabled=&#8221;off&#8221; button_one_bg_color__hover_enabled=&#8221;off&#8221; button_two_bg_color__hover_enabled=&#8221;off&#8221;][\/et_pb_fullwidth_header][\/et_pb_section][et_pb_section fb_built=&#8221;1&#8243; specialty=&#8221;on&#8221; _builder_version=&#8221;4.16&#8243; custom_padding=&#8221;3px|3px|54px|0px&#8221; global_colors_info=&#8221;{}&#8221;][et_pb_column type=&#8221;3_4&#8243; specialty_columns=&#8221;3&#8243; _builder_version=&#8221;4.16&#8243; custom_padding=&#8221;|||&#8221; global_colors_info=&#8221;{}&#8221; custom_padding__hover=&#8221;|||&#8221;][et_pb_row_inner column_structure=&#8221;1_2,1_2&#8243; _builder_version=&#8221;4.16&#8243; global_colors_info=&#8221;{}&#8221;][et_pb_column_inner type=&#8221;1_2&#8243; saved_specialty_column_type=&#8221;3_4&#8243; _builder_version=&#8221;4.16&#8243; custom_padding=&#8221;|||&#8221; global_colors_info=&#8221;{}&#8221; custom_padding__hover=&#8221;|||&#8221;][et_pb_toggle title=&#8221;CONTRIBUI\u00c7\u00c3O SINDICAL&#8221; open=&#8221;on&#8221; icon_color=&#8221;#7cda24&#8243; open_icon_color=&#8221;#7cda24&#8243; _builder_version=&#8221;4.16&#8243; title_text_color=&#8221;#7a7a7a&#8221; title_font=&#8221;|on|||&#8221; global_colors_info=&#8221;{}&#8221;]<\/p>\n<ul class=\"box-list--simple__list\">\n<li><a href=\"http:\/\/www.cnabrasil.org.br\/contribuicao-sindical\/2a-via-contribuicao-sindical\" target=\"_blank\" rel=\"noopener noreferrer\">2\u00aa via da contribui\u00e7\u00e3o sindical<\/a><\/li>\n<li><a href=\"http:\/\/www.cnabrasil.org.br\/contribuicao-sindical\/2a-via-contribuicao-sindical\" target=\"_blank\" rel=\"noopener noreferrer\">Certid\u00e3o Negativa de D\u00e9bito<\/a><\/li>\n<li><a href=\"http:\/\/www.cnabrasil.org.br\/contribuicao-sindical\/2a-via-contribuicao-sindical\" target=\"_blank\" rel=\"noopener noreferrer\">Entenda a Contribui\u00e7\u00e3o Sindical<\/a><\/li>\n<li><a href=\"http:\/\/www.cnabrasil.org.br\/contribuicao-sindical\/2a-via-contribuicao-sindical\" target=\"_blank\" rel=\"noopener noreferrer\">Contribui\u00e7\u00e3o Sindical Rural 2017<\/a><\/li>\n<\/ul>\n<p>[\/et_pb_toggle][et_pb_toggle title=&#8221;EDUCA\u00c7\u00c3O E ASSIST\u00caNCIA T\u00c9CNICA&#8221; open=&#8221;on&#8221; icon_color=&#8221;#7cda24&#8243; open_icon_color=&#8221;#7cda24&#8243; _builder_version=&#8221;4.16&#8243; title_text_color=&#8221;#7a7a7a&#8221; title_font=&#8221;|on|||&#8221; title_line_height=&#8221;1.2em&#8221; global_colors_info=&#8221;{}&#8221;]<\/p>\n<p><a href=\"https:\/\/sistemafaepa.com.br\/senar\/cursos\/\">Encontre o curso certo para voc\u00ea<\/a><\/p>\n<p>[\/et_pb_toggle][\/et_pb_column_inner][et_pb_column_inner type=&#8221;1_2&#8243; saved_specialty_column_type=&#8221;3_4&#8243; _builder_version=&#8221;4.16&#8243; custom_padding=&#8221;|||&#8221; global_colors_info=&#8221;{}&#8221; custom_padding__hover=&#8221;|||&#8221;][et_pb_toggle title=&#8221;FERRAMENTAS \u00daTEIS&#8221; open=&#8221;on&#8221; icon_color=&#8221;#7cda24&#8243; open_icon_color=&#8221;#7cda24&#8243; _builder_version=&#8221;4.16&#8243; title_text_color=&#8221;#7a7a7a&#8221; title_font=&#8221;|on|||&#8221; global_colors_info=&#8221;{}&#8221;]<\/p>\n<ul class=\"box-list--simple__list\">\n<li><a href=\"http:\/\/www.cnabrasil.org.br\/servicos-para-produtor\/ferramentas-uteis\/custos\" target=\"_blank\" rel=\"noopener noreferrer\">Custos de Produ\u00e7\u00e3o<\/a><\/li>\n<li><a href=\"http:\/\/www.cnabrasil.org.br\/servicos-para-produtor\/ferramentas-uteis\/custos\" target=\"_blank\" rel=\"noopener noreferrer\">Pre\u00e7os das Commodities<\/a><\/li>\n<li><a href=\"http:\/\/www.adepara.pa.gov.br\/notifica%C3%A7%C3%A3o-de-doen%C3%A7as\">Adepar\u00e1 &#8211; Notifica\u00e7\u00e3o de doen\u00e7as<\/a><\/li>\n<\/ul>\n<p>[\/et_pb_toggle][et_pb_toggle title=&#8221;PROJETOS E PROGRAMAS&#8221; open=&#8221;on&#8221; icon_color=&#8221;#7cda24&#8243; open_icon_color=&#8221;#7cda24&#8243; _builder_version=&#8221;4.21.0&#8243; title_text_color=&#8221;#7a7a7a&#8221; title_font=&#8221;|on|||&#8221; body_font=&#8221;||||||||&#8221; max_width_tablet=&#8221;100%&#8221; max_width_phone=&#8221;&#8221; max_width_last_edited=&#8221;on|desktop&#8221; hover_enabled=&#8221;0&#8243; global_colors_info=&#8221;{}&#8221; sticky_enabled=&#8221;0&#8243;]<\/p>\n<table style=\"max-width: 100% height: auto;\">\n<tbody>\n<tr>\n<td style=\"width: 346px;\"><a href=\"http:\/\/www.cnabrasil.org.br\/servicos-para-produtor\/projetos-programas\/interagro\" target=\"_blank\" rel=\"noopener noreferrer\"><img loading=\"lazy\" decoding=\"async\" src=\"https:\/\/sistemafaepa.com.br\/faepa\/wp-content\/uploads\/sites\/5\/2023\/07\/interagro_header.png\" height=\"72\" alt=\"\" width=\"274\" \/><\/a><\/td>\n<\/tr>\n<tr>\n<td style=\"width: 346px;\"><a href=\"http:\/\/www.cnabrasil.org.br\/servicos-para-produtor\/projetos-programas\/sondagem-da-agropecuaria-2017\" target=\"_blank\" rel=\"noopener noreferrer\"><img loading=\"lazy\" decoding=\"async\" src=\"https:\/\/sistemafaepa.com.br\/faepa\/wp-content\/uploads\/sites\/5\/2023\/07\/header_sondagem_4_1.png\" width=\"300\" height=\"79\" alt=\"\" class=\"wp-image-695 alignleft size-full\" \/><\/a><\/td>\n<\/tr>\n<tr>\n<td style=\"width: 346px;\"><a href=\"http:\/\/www.cnabrasil.org.br\/servicos-para-produtor\/projetos-programas\/programa-especial-de-protecao-de-nascentes\" target=\"_blank\" rel=\"noopener noreferrer\"><img loading=\"lazy\" decoding=\"async\" src=\"https:\/\/sistemafaepa.com.br\/faepa\/wp-content\/uploads\/sites\/5\/2023\/07\/programa_de_nascentes_619x163_0.jpg\" width=\"300\" height=\"79\" alt=\"\" class=\"wp-image-697 alignleft size-full\" \/><\/a><\/td>\n<\/tr>\n<tr>\n<td style=\"width: 346px;\"><a href=\"http:\/\/www.cnabrasil.org.br\/servicos-para-produtor\/projetos-programas\/projeto-biomas\" target=\"_blank\" rel=\"noopener noreferrer\"><img loading=\"lazy\" decoding=\"async\" src=\"https:\/\/sistemafaepa.com.br\/faepa\/wp-content\/uploads\/sites\/5\/2023\/07\/campo_futuro.png\" width=\"300\" height=\"79\" alt=\"\" class=\"wp-image-698 alignleft size-full\" \/><\/a><\/td>\n<\/tr>\n<tr>\n<td style=\"width: 346px;\"><a href=\"http:\/\/www.cnabrasil.org.br\/servicos-para-produtor\/projetos-programas\/projeto-campo-futuro\" target=\"_blank\" rel=\"noopener noreferrer\"><img loading=\"lazy\" decoding=\"async\" src=\"https:\/\/sistemafaepa.com.br\/faepa\/wp-content\/uploads\/sites\/5\/2017\/10\/campo_futuro.png\" width=\"300\" height=\"79\" alt=\"\" class=\"wp-image-694 alignleft size-full\" \/><\/a><\/td>\n<\/tr>\n<tr>\n<td style=\"width: 346px;\">\n<h3 class=\"title-2 margin-top-20 margin-bottom-20\"><a href=\"http:\/\/www.cnabrasil.org.br\/servicos-para-produtor\/projetos-programas\/observatorio-das-desprotecoes-sociais-no-campo\" target=\"_blank\" rel=\"noopener noreferrer\">Observat\u00f3rio das Desprote\u00e7\u00f5es Sociais no Campo<\/a><\/h3>\n<\/td>\n<\/tr>\n<tr>\n<td style=\"max-width: 100% height: auto;\">\n<h3 class=\"title-2 margin-top-20 margin-bottom-20\"><a href=\"http:\/\/www.cnabrasil.org.br\/servicos-para-produtor\/projetos-programas\/observatorio-das-insegurancas-juridicas-no-campo\">Observat\u00f3rio das Inseguran\u00e7as Jur\u00eddicas no Campo<\/a><\/h3>\n<\/td>\n<\/tr>\n<\/tbody>\n<\/table>\n<p>[\/et_pb_toggle][\/et_pb_column_inner][\/et_pb_row_inner][\/et_pb_column][et_pb_column type=&#8221;1_4&#8243; _builder_version=&#8221;4.16&#8243; custom_padding=&#8221;|||&#8221; global_colors_info=&#8221;{}&#8221; custom_padding__hover=&#8221;|||&#8221;][et_pb_search exclude_pages=&#8221;off&#8221; placeholder=&#8221;Pesquisar&#8230;&#8221; _builder_version=&#8221;4.16&#8243; hide_button=&#8221;off&#8221; global_colors_info=&#8221;{}&#8221; button_text_size__hover_enabled=&#8221;off&#8221; button_one_text_size__hover_enabled=&#8221;off&#8221; button_two_text_size__hover_enabled=&#8221;off&#8221; button_text_color__hover_enabled=&#8221;off&#8221; button_one_text_color__hover_enabled=&#8221;off&#8221; button_two_text_color__hover_enabled=&#8221;off&#8221; button_border_width__hover_enabled=&#8221;off&#8221; button_one_border_width__hover_enabled=&#8221;off&#8221; button_two_border_width__hover_enabled=&#8221;off&#8221; button_border_color__hover_enabled=&#8221;off&#8221; button_one_border_color__hover_enabled=&#8221;off&#8221; button_two_border_color__hover_enabled=&#8221;off&#8221; button_border_radius__hover_enabled=&#8221;off&#8221; button_one_border_radius__hover_enabled=&#8221;off&#8221; button_two_border_radius__hover_enabled=&#8221;off&#8221; button_letter_spacing__hover_enabled=&#8221;off&#8221; button_one_letter_spacing__hover_enabled=&#8221;off&#8221; button_two_letter_spacing__hover_enabled=&#8221;off&#8221; button_bg_color__hover_enabled=&#8221;off&#8221; button_one_bg_color__hover_enabled=&#8221;off&#8221; button_two_bg_color__hover_enabled=&#8221;off&#8221;][\/et_pb_search][et_pb_code _builder_version=&#8221;4.21.0&#8243; global_colors_info=&#8221;{}&#8221;]<iframe loading=\"lazy\" width=\"250\" height=\"141\" src=\"https:\/\/www.youtube.com\/embed\/Elp0Xhj501o?rel=0&#038;controls=0\" frameborder=\"0\" allowfullscreen><\/iframe>[\/et_pb_code][et_pb_divider color=&#8221;#c6c6c6&#8243; disabled_on=&#8221;on|on|off&#8221; _builder_version=&#8221;4.16&#8243; hide_on_mobile=&#8221;on&#8221; global_colors_info=&#8221;{}&#8221;][\/et_pb_divider][et_pb_blog posts_number=&#8221;5&#8243; show_more=&#8221;on&#8221; show_author=&#8221;off&#8221; show_date=&#8221;off&#8221; show_categories=&#8221;off&#8221; show_pagination=&#8221;off&#8221; use_overlay=&#8221;on&#8221; _builder_version=&#8221;4.16&#8243; header_font_size=&#8221;16&#8243; body_font_size=&#8221;0&#8243; body_line_height=&#8221;0&#8243; global_colors_info=&#8221;{}&#8221;][\/et_pb_blog][\/et_pb_column][\/et_pb_section][et_pb_section fb_built=&#8221;1&#8243; _builder_version=&#8221;3.0.71&#8243; background_color=&#8221;#1f6462&#8243; custom_padding=&#8221;0px|0px|0px|0px&#8221; global_module=&#8221;265&#8243; global_colors_info=&#8221;{}&#8221;][et_pb_row column_structure=&#8221;1_3,1_3,1_3&#8243; _builder_version=&#8221;4.16&#8243; background_size=&#8221;initial&#8221; background_position=&#8221;top_left&#8221; background_repeat=&#8221;repeat&#8221; custom_padding=&#8221;50px|0px|52px|0px&#8221; global_colors_info=&#8221;{}&#8221;][et_pb_column type=&#8221;1_3&#8243; _builder_version=&#8221;4.16&#8243; custom_padding=&#8221;|||&#8221; global_colors_info=&#8221;{}&#8221; custom_padding__hover=&#8221;|||&#8221;][et_pb_signup provider=&#8221;feedburner&#8221; title=&#8221;Receba as novidade sobre o Sistema FAEPA&#8221; button_text=&#8221;receber novidades&#8221; description=&#8221;<\/p>\n<p>Cadastre seu e-mail abaixo<\/p>\n<p>&#8221; _builder_version=&#8221;4.16&#8243; header_font_size=&#8221;20px&#8221; use_background_color=&#8221;off&#8221; custom_button=&#8221;on&#8221; button_text_size=&#8221;17px&#8221; button_border_radius=&#8221;60px&#8221; text_orientation=&#8221;center&#8221; global_colors_info=&#8221;{}&#8221; button_text_size__hover_enabled=&#8221;off&#8221; button_one_text_size__hover_enabled=&#8221;off&#8221; button_two_text_size__hover_enabled=&#8221;off&#8221; button_text_color__hover_enabled=&#8221;off&#8221; button_one_text_color__hover_enabled=&#8221;off&#8221; button_two_text_color__hover_enabled=&#8221;off&#8221; button_border_width__hover_enabled=&#8221;off&#8221; button_one_border_width__hover_enabled=&#8221;off&#8221; button_two_border_width__hover_enabled=&#8221;off&#8221; button_border_color__hover_enabled=&#8221;off&#8221; button_one_border_color__hover_enabled=&#8221;off&#8221; button_two_border_color__hover_enabled=&#8221;off&#8221; button_border_radius__hover_enabled=&#8221;off&#8221; button_one_border_radius__hover_enabled=&#8221;off&#8221; button_two_border_radius__hover_enabled=&#8221;off&#8221; button_letter_spacing__hover_enabled=&#8221;off&#8221; button_one_letter_spacing__hover_enabled=&#8221;off&#8221; button_two_letter_spacing__hover_enabled=&#8221;off&#8221; button_bg_color__hover_enabled=&#8221;off&#8221; button_one_bg_color__hover_enabled=&#8221;off&#8221; button_two_bg_color__hover_enabled=&#8221;off&#8221;]<\/p>\n<p>Cadastre seu e-mail abaixo<\/p>\n<p>[\/et_pb_signup][\/et_pb_column][et_pb_column type=&#8221;1_3&#8243; _builder_version=&#8221;4.16&#8243; custom_padding=&#8221;|||&#8221; global_colors_info=&#8221;{}&#8221; custom_padding__hover=&#8221;|||&#8221;][et_pb_text _builder_version=&#8221;4.16&#8243; text_line_height=&#8221;1em&#8221; background_layout=&#8221;dark&#8221; global_colors_info=&#8221;{}&#8221;]<\/p>\n<h2><strong>(91) 4008-5300<\/strong><\/h2>\n<p>\u00a0<\/p>\n<h5>Manh\u00e3: 9h \u00e0s 12h30<\/h5>\n<h5>Tarde: 14h \u00e0s 18h30<\/h5>\n<h5>\u00a0<\/h5>\n<h5>Trav. Dr. Moraes, n\u00b021 &#8211; Edificio Pal\u00e1cio da Agricultura, 8\u00b0 andar &#8211; Bel\u00e9m &#8211; PA &#8211; CEP:66035 &#8211; 080<\/h5>\n<p>[\/et_pb_text][et_pb_social_media_follow _builder_version=&#8221;4.16&#8243; background_layout=&#8221;dark&#8221; border_radii=&#8221;on|100%|100%|100%|100%&#8221; link_shape=&#8221;circle&#8221; global_colors_info=&#8221;{}&#8221;][et_pb_social_media_follow_network social_network=&#8221;facebook&#8221; url=&#8221;https:\/\/www.facebook.com\/SistemaFAEPA\/&#8221; _builder_version=&#8221;4.16&#8243; background_color=&#8221;#00c3aa&#8221; bg_color=&#8221;#00c3aa&#8221; global_colors_info=&#8221;{}&#8221; follow_button=&#8221;off&#8221; url_new_window=&#8221;on&#8221;]<\/p>\n<p>Facebook<\/p>\n<p>[\/et_pb_social_media_follow_network][et_pb_social_media_follow_network social_network=&#8221;twitter&#8221; url=&#8221;https:\/\/twitter.com\/sistemafaepa&#8221; _builder_version=&#8221;4.16&#8243; background_color=&#8221;#00c3aa&#8221; bg_color=&#8221;#00c3aa&#8221; global_colors_info=&#8221;{}&#8221; follow_button=&#8221;off&#8221; url_new_window=&#8221;on&#8221;]<\/p>\n<p>Twitter<\/p>\n<p>[\/et_pb_social_media_follow_network][et_pb_social_media_follow_network social_network=&#8221;instagram&#8221; url=&#8221;https:\/\/www.instagram.com\/sistemafaepa\/&#8221; _builder_version=&#8221;4.16&#8243; background_color=&#8221;#00c3aa&#8221; bg_color=&#8221;#00c3aa&#8221; global_colors_info=&#8221;{}&#8221; follow_button=&#8221;off&#8221; url_new_window=&#8221;on&#8221;]<\/p>\n<p>Instagram<\/p>\n<p>[\/et_pb_social_media_follow_network][\/et_pb_social_media_follow][\/et_pb_column][et_pb_column type=&#8221;1_3&#8243; _builder_version=&#8221;4.16&#8243; custom_padding=&#8221;|||&#8221; global_colors_info=&#8221;{}&#8221; custom_padding__hover=&#8221;|||&#8221;][et_pb_image src=&#8221;https:\/\/sistemafaepa.com.br\/faepa\/wp-content\/uploads\/sites\/5\/2023\/07\/FAEPA-SENAR-SINDICATOS-branca-1.png&#8221; title_text=&#8221;FAEPA-SENAR-SINDICATOS-branca&#8221; url=&#8221;https:\/\/sistemafaepa.com.br\/&#8221; align=&#8221;center&#8221; align_tablet=&#8221;center&#8221; align_phone=&#8221;&#8221; align_last_edited=&#8221;on|desktop&#8221; _builder_version=&#8221;4.21.0&#8243; max_width=&#8221;220px&#8221; animation_style=&#8221;slide&#8221; animation_direction=&#8221;left&#8221; animation_duration=&#8221;500ms&#8221; animation_intensity_slide=&#8221;10%&#8221; global_colors_info=&#8221;{}&#8221;][\/et_pb_image][\/et_pb_column][\/et_pb_row][\/et_pb_section]<\/p>\n","protected":false},"excerpt":{"rendered":"<p>2\u00aa via da contribui\u00e7\u00e3o sindical Certid\u00e3o Negativa de D\u00e9bito Entenda a Contribui\u00e7\u00e3o Sindical Contribui\u00e7\u00e3o Sindical Rural 2017 Encontre o curso certo para voc\u00ea Custos de Produ\u00e7\u00e3o Pre\u00e7os das Commodities Adepar\u00e1 &#8211; Notifica\u00e7\u00e3o de doen\u00e7as Observat\u00f3rio das Desprote\u00e7\u00f5es Sociais no Campo Observat\u00f3rio das Inseguran\u00e7as Jur\u00eddicas no Campo Cadastre seu e-mail abaixo(91) 4008-5300 \u00a0 Manh\u00e3: 9h \u00e0s [&hellip;]<\/p>\n","protected":false},"author":1,"featured_media":0,"parent":0,"menu_order":0,"comment_status":"closed","ping_status":"closed","template":"","meta":{"_et_pb_use_builder":"on","_et_pb_old_content":"","_et_gb_content_width":"","footnotes":""},"class_list":["post-687","page","type-page","status-publish","hentry"],"_links":{"self":[{"href":"https:\/\/sistemafaepa.com.br\/faepa\/wp-json\/wp\/v2\/pages\/687","targetHints":{"allow":["GET"]}}],"collection":[{"href":"https:\/\/sistemafaepa.com.br\/faepa\/wp-json\/wp\/v2\/pages"}],"about":[{"href":"https:\/\/sistemafaepa.com.br\/faepa\/wp-json\/wp\/v2\/types\/page"}],"author":[{"embeddable":true,"href":"https:\/\/sistemafaepa.com.br\/faepa\/wp-json\/wp\/v2\/users\/1"}],"replies":[{"embeddable":true,"href":"https:\/\/sistemafaepa.com.br\/faepa\/wp-json\/wp\/v2\/comments?post=687"}],"version-history":[{"count":2,"href":"https:\/\/sistemafaepa.com.br\/faepa\/wp-json\/wp\/v2\/pages\/687\/revisions"}],"predecessor-version":[{"id":3080,"href":"https:\/\/sistemafaepa.com.br\/faepa\/wp-json\/wp\/v2\/pages\/687\/revisions\/3080"}],"wp:attachment":[{"href":"https:\/\/sistemafaepa.com.br\/faepa\/wp-json\/wp\/v2\/media?parent=687"}],"curies":[{"name":"wp","href":"https:\/\/api.w.org\/{rel}","templated":true}]}}